{"id":159,"date":"2022-11-17T11:12:28","date_gmt":"2022-11-17T11:12:28","guid":{"rendered":"https:\/\/ventaonline.aczalosllanosdearidane.com\/modas-hernandez\/?post_type=product&#038;p=159"},"modified":"2022-11-23T19:18:59","modified_gmt":"2022-11-23T19:18:59","slug":"paleta-de-sombras-stitch","status":"publish","type":"product","link":"https:\/\/ventaonline.aczalosllanosdearidane.com\/modas-hernandez\/producto\/paleta-de-sombras-stitch\/","title":{"rendered":"Paleta de Sombras Stitch"},"content":{"rendered":"<p>12 tonos altamemte pigmentadoso con tonos de inspiraci\u00f3n natural.<\/p>\n<p>Dise\u00f1ada para crear una combinaci\u00f3n de sombras llamativas tanto para el maquillaje de d\u00eda como de noche.<\/p>\n","protected":false},"excerpt":{"rendered":"<p>12 tonos altamemte pigmentadoso con tonos de inspiraci\u00f3n natural. Dise\u00f1ada para crear una combinaci\u00f3n de sombras llamativas tanto para el maquillaje de d\u00eda como de noche.<\/p>\n","protected":false},"featured_media":173,"comment_status":"open","ping_status":"closed","template":"","meta":[],"product_cat":[52,53],"product_tag":[],"class_list":["post-159","product","type-product","status-publish","has-post-thumbnail","hentry","product_cat-beauty","product_cat-stitch"],"_links":{"self":[{"href":"https:\/\/ventaonline.aczalosllanosdearidane.com\/modas-hernandez\/wp-json\/wp\/v2\/product\/159","targetHints":{"allow":["GET"]}}],"collection":[{"href":"https:\/\/ventaonline.aczalosllanosdearidane.com\/modas-hernandez\/wp-json\/wp\/v2\/product"}],"about":[{"href":"https:\/\/ventaonline.aczalosllanosdearidane.com\/modas-hernandez\/wp-json\/wp\/v2\/types\/product"}],"replies":[{"embeddable":true,"href":"https:\/\/ventaonline.aczalosllanosdearidane.com\/modas-hernandez\/wp-json\/wp\/v2\/comments?post=159"}],"wp:featuredmedia":[{"embeddable":true,"href":"https:\/\/ventaonline.aczalosllanosdearidane.com\/modas-hernandez\/wp-json\/wp\/v2\/media\/173"}],"wp:attachment":[{"href":"https:\/\/ventaonline.aczalosllanosdearidane.com\/modas-hernandez\/wp-json\/wp\/v2\/media?parent=159"}],"wp:term":[{"taxonomy":"product_cat","embeddable":true,"href":"https:\/\/ventaonline.aczalosllanosdearidane.com\/modas-hernandez\/wp-json\/wp\/v2\/product_cat?post=159"},{"taxonomy":"product_tag","embeddable":true,"href":"https:\/\/ventaonline.aczalosllanosdearidane.com\/modas-hernandez\/wp-json\/wp\/v2\/product_tag?post=159"}],"curies":[{"name":"wp","href":"https:\/\/api.w.org\/{rel}","templated":true}]}}