{"id":198,"date":"2022-11-17T17:13:18","date_gmt":"2022-11-17T17:13:18","guid":{"rendered":"https:\/\/ventaonline.aczalosllanosdearidane.com\/modas-hernandez\/?post_type=product&#038;p=198"},"modified":"2022-11-17T17:13:19","modified_gmt":"2022-11-17T17:13:19","slug":"duo-de-balsamos-labiales-mickey-jingle-all-the-way","status":"publish","type":"product","link":"https:\/\/ventaonline.aczalosllanosdearidane.com\/modas-hernandez\/producto\/duo-de-balsamos-labiales-mickey-jingle-all-the-way\/","title":{"rendered":"D\u00fao de b\u00e1lsamos labiales Mickey Jingle All The Way"},"content":{"rendered":"<p>\u00a1Un alegre regalo para entregar a un ser querido o a ti mismo de la colecci\u00f3n\u00a0<strong>Mickey Jingle All The Way<\/strong>!<\/p>\n<p>Este adorable d\u00fao de b\u00e1lsamos labiales de<strong>\u00a0Mickey Mouse\u00a0<\/strong>est\u00e1 incluida\u00a0en una preciosa caja con tirador de cinta estilo caja de cerillas y decorados con estampados de estilo vintage.<\/p>\n<p>Uno para el bolso y otro para el escritorio, estos pr\u00e1cticos botes mantendr\u00e1n los labios hidratados todo el a\u00f1o con la deliciosa fragancia de bayas escarchadas y vainilla.<\/p>\n<p>2 x 12 g<\/p>\n","protected":false},"excerpt":{"rendered":"<p>\u00a1Un alegre regalo para entregar a un ser querido o a ti mismo de la colecci\u00f3n\u00a0Mickey Jingle All The Way! Este adorable d\u00fao de b\u00e1lsamos labiales de\u00a0Mickey Mouse\u00a0est\u00e1 incluida\u00a0en una preciosa caja con tirador de cinta estilo caja de cerillas y decorados con estampados de estilo vintage. Uno para el bolso y otro para el [&hellip;]<\/p>\n","protected":false},"featured_media":199,"comment_status":"open","ping_status":"closed","template":"","meta":[],"product_cat":[52],"product_tag":[],"class_list":["post-198","product","type-product","status-publish","has-post-thumbnail","hentry","product_cat-beauty"],"_links":{"self":[{"href":"https:\/\/ventaonline.aczalosllanosdearidane.com\/modas-hernandez\/wp-json\/wp\/v2\/product\/198","targetHints":{"allow":["GET"]}}],"collection":[{"href":"https:\/\/ventaonline.aczalosllanosdearidane.com\/modas-hernandez\/wp-json\/wp\/v2\/product"}],"about":[{"href":"https:\/\/ventaonline.aczalosllanosdearidane.com\/modas-hernandez\/wp-json\/wp\/v2\/types\/product"}],"replies":[{"embeddable":true,"href":"https:\/\/ventaonline.aczalosllanosdearidane.com\/modas-hernandez\/wp-json\/wp\/v2\/comments?post=198"}],"wp:featuredmedia":[{"embeddable":true,"href":"https:\/\/ventaonline.aczalosllanosdearidane.com\/modas-hernandez\/wp-json\/wp\/v2\/media\/199"}],"wp:attachment":[{"href":"https:\/\/ventaonline.aczalosllanosdearidane.com\/modas-hernandez\/wp-json\/wp\/v2\/media?parent=198"}],"wp:term":[{"taxonomy":"product_cat","embeddable":true,"href":"https:\/\/ventaonline.aczalosllanosdearidane.com\/modas-hernandez\/wp-json\/wp\/v2\/product_cat?post=198"},{"taxonomy":"product_tag","embeddable":true,"href":"https:\/\/ventaonline.aczalosllanosdearidane.com\/modas-hernandez\/wp-json\/wp\/v2\/product_tag?post=198"}],"curies":[{"name":"wp","href":"https:\/\/api.w.org\/{rel}","templated":true}]}}