{"id":212,"date":"2022-11-17T17:41:02","date_gmt":"2022-11-17T17:41:02","guid":{"rendered":"https:\/\/ventaonline.aczalosllanosdearidane.com\/modas-hernandez\/?post_type=product&#038;p=212"},"modified":"2022-11-17T17:41:02","modified_gmt":"2022-11-17T17:41:02","slug":"friends-ii-set-de-4-mascarillas-faciales","status":"publish","type":"product","link":"https:\/\/ventaonline.aczalosllanosdearidane.com\/modas-hernandez\/producto\/friends-ii-set-de-4-mascarillas-faciales\/","title":{"rendered":"Friends II Set de 4 Mascarillas Faciales"},"content":{"rendered":"<p>Deja que Friends cuide de tu piel con este desplegable de mascarillas impresas. Todas ellas con \u00e1cido hialur\u00f3nico hidratante para dar a tu piel una fant\u00e1stica dosis de hidrataci\u00f3n y dejarla fresca. Estas mascarillas no s\u00f3lo son las compa\u00f1eras perfectas para la noche, sino que tambi\u00e9n est\u00e1n hechas de un material biodegradable. Elija entre las fragancias de coco, frambuesa, t\u00e9 negro y granada.<\/p>\n<p>&nbsp;<\/p>\n","protected":false},"excerpt":{"rendered":"<p>Deja que Friends cuide de tu piel con este desplegable de mascarillas impresas. Todas ellas con \u00e1cido hialur\u00f3nico hidratante para dar a tu piel una fant\u00e1stica dosis de hidrataci\u00f3n y dejarla fresca. Estas mascarillas no s\u00f3lo son las compa\u00f1eras perfectas para la noche, sino que tambi\u00e9n est\u00e1n hechas de un material biodegradable. Elija entre las [&hellip;]<\/p>\n","protected":false},"featured_media":213,"comment_status":"open","ping_status":"closed","template":"","meta":[],"product_cat":[52],"product_tag":[],"class_list":["post-212","product","type-product","status-publish","has-post-thumbnail","hentry","product_cat-beauty"],"_links":{"self":[{"href":"https:\/\/ventaonline.aczalosllanosdearidane.com\/modas-hernandez\/wp-json\/wp\/v2\/product\/212","targetHints":{"allow":["GET"]}}],"collection":[{"href":"https:\/\/ventaonline.aczalosllanosdearidane.com\/modas-hernandez\/wp-json\/wp\/v2\/product"}],"about":[{"href":"https:\/\/ventaonline.aczalosllanosdearidane.com\/modas-hernandez\/wp-json\/wp\/v2\/types\/product"}],"replies":[{"embeddable":true,"href":"https:\/\/ventaonline.aczalosllanosdearidane.com\/modas-hernandez\/wp-json\/wp\/v2\/comments?post=212"}],"wp:featuredmedia":[{"embeddable":true,"href":"https:\/\/ventaonline.aczalosllanosdearidane.com\/modas-hernandez\/wp-json\/wp\/v2\/media\/213"}],"wp:attachment":[{"href":"https:\/\/ventaonline.aczalosllanosdearidane.com\/modas-hernandez\/wp-json\/wp\/v2\/media?parent=212"}],"wp:term":[{"taxonomy":"product_cat","embeddable":true,"href":"https:\/\/ventaonline.aczalosllanosdearidane.com\/modas-hernandez\/wp-json\/wp\/v2\/product_cat?post=212"},{"taxonomy":"product_tag","embeddable":true,"href":"https:\/\/ventaonline.aczalosllanosdearidane.com\/modas-hernandez\/wp-json\/wp\/v2\/product_tag?post=212"}],"curies":[{"name":"wp","href":"https:\/\/api.w.org\/{rel}","templated":true}]}}